 0*p, -3*p = 0. Calculate the remainder when s is divided by y.
9
Suppose 0 = 3*k + 7 + 8, -5*k = -5*j + 175. Suppose -4*x + j = -2*x. Let c(g) = -g**2 + 21*g - 19. Calculate the remainder when c(x) is divided by 9.
8
Suppose -3*h - 5*s = -305, 0 = -h - s + 2*s + 107. Suppose 0 = -23*v + 27*v - 108. What is the remainder when h is divided by v?
24
Let r be (14*(-4)/16)/((-1)/2). Suppose r*t = 6*t + 13. What is the remainder when 181 is divided by t?
12
Calculate the remainder when 27/36 - 349/(-4) is divided by 15.
13
What is the remainder when (0 - 12)*45/(-30) is divided by ((-84)/24)/(2/(-4))?
4
Let o(y) = -y + 8. Let r be 64/(-16) + (8 - 0). Suppose 0 = -4*j - 3*l, 8 - 1 = 5*j + 2*l. Calculate the remainder when o(r) is divided by j.
1
Suppose -102*w = -79*w - 3933. Calculate the remainder when 190 is divided by w.
19
Let j be ((-32)/(-40))/2 - (-668)/5. Suppose -j*h + 28 = -133*h. Calculate the remainder when h is divided by 6.
4
Let h(m) = 2*m - 3 + 0 + 4*m**2 - 3*m**2 - 2. Let r be 0 + -1 + (1 - 5). Calculate the remainder when h(r) is divided by 3.
1
Let o(w) = 2*w + 11. Let l = -14 + 18. What is the remainder when o(l) is divided by 10?
9
What is the remainder when 119 is divided by (-210)/12*(0 - 2)?
14
Suppose 3*z = 6, -49*v - 5*z - 1025 = -54*v. What is the remainder when v is divided by 34?
3
Suppose -t - 2*x - 86 + 151 = 0, -2*t + x + 145 = 0. What is the remainder when 210 is divided by t?
68
Let j be ((-363)/6 - 3)/((-3)/(-6)). Let f = -56 - j. Calculate the remainder when f is divided by 3/9 + (-88)/(-6).
11
Let r(b) = -b - 5 + 5*b**2 + 0*b - 2*b**2 - b**2. What is the remainder when r(-4) is divided by 2/((9/(-24))/(-3))?
15
Suppose -3*i = 2*i - 3*j - 17, -j - 11 = -3*i. Suppose 128 = i*w + n, n = 5*n. Calculate the remainder when ((-216)/w)/((-1)/4) is divided by 10.
7
Let y(r) = -2*r - 10. Let j be 82/(-10) - (-5)/25. Let m be y(j). Suppose -m*v = v - 770. Calculate the remainder when v is divided by 28.
26
Let c(h) = 37*h + 1268. Calculate the remainder when 359 is divided by c(-34).
9
Let i(g) = 3*g**2 + 14*g - 14. What is the remainder when 99 is divided by i(-6)?
9
Suppose 2*r + 77 = r. Let a = r + -78. Calculate the remainder when ((-18)/15)/(2/a) is divided by 24.
21
Suppose 5*c - 20 = 0, 78 = -5*t + c + 389. What is the remainder when t is divided by 4?
3
Let z(a) = -a**2 + 8*a + 7. Let y(r) = -r. Let i(u) = -6*y(u) - z(u). Calculate the remainder when i(7) is divided by 6.
4
Let o = -18 - -142. What is the remainder when o is divided by 65?
59
Suppose 4 = -i, -b + 3*i = -5 - 25. Calculate the remainder when 34 is divided by b.
16
Suppose -28 = 5*h - 7*h + 2*k, -5*k = 2*h - 21. Calculate the remainder when 86 is divided by h.
8
Let f(z) = -z**3 - 16*z**2 - 17*z - 10. Calculate the remainder when f(-15) is divided by 13.
7
Suppose 67 = 5*i + 12. Let d = 23 - i. Let g = 14 - 7. What is the remainder when d is divided by g?
5
Suppose 2*t - 50 = 24. Suppose 5*j - 338 = 5*d + 42, 3*j - 5*d = 236. Calculate the remainder when j is divided by t.
35
Suppose -6*v = -4*v + 204. Let f = v - -112. Let r = -20 - -67. What is the remainder when r is divided by f?
7
Let t be 21/(-14)*33/9*-24. Let u = -110 + t. What is the remainder when u is divided by 6?
4
Suppose 3*s + 245 = 8*s. Calculate the remainder when s is divided by 28.
21
Suppose 0 = -2*j - 2 + 8. Suppose 700 + 41 = 3*q - j*r, 1205 = 5*q + 5*r. What is the remainder when 43 is divided by (-2)/8 + q/16?
13
Suppose -96 = -4*o - 4. What is the remainder when 112 is divided by o?
20
Let n(a) = 13*a + 1. Suppose -2*f - 182 = -5*b, -132 = -4*b + f + 16. Suppose 20*m - 21*m = -b. What is the remainder when m is divided by n(1)?
10
Suppose 0 = m - 18*m + 5032. What is the remainder when m is divided by 146?
4
Let i(u) = -u**3 + 15*u**2 - 16*u + 25. Let f be i(14). What is the remainder when 23 is divided by 0/1 - (f + -11)?
9
Let x(u) = 3*u + 25. Let y be x(0). Let k = -8 + y. What is the remainder when k is divided by 6?
5
Let z be (-159 - 15)*(-1)/3. Suppose 43 = 2*c - 3*g - 7, 5*g = 2*c - z. What is the remainder when c is divided by 11?
8
Suppose -4*l = -4, -5*o + 3*l = -2*l - 15. Let n = 205 - 186. What is the remainder when n is divided by o?
3
Let v be (11/(-33))/((-2)/6). What is the remainder when ((-85)/25)/(v/(-5)) is divided by -1*(-9 - 5/5)?
7
Suppose 4*b + 5*k - 19 = 0, -2*b - 4*k = -0*b - 14. What is the remainder when -41*(2 - (2 + b)) is divided by 15?
11
Let q(u) = 5*u + 2. Let f(j) = -j**2 + 11*j + 5. Let p(g) = -3*f(g) + 7*q(g). Let r be (-5)/((-5)/(-2)) - 1. Calculate the remainder when 39 is divided by p(r).
19
Let h(j) = 7*j - 1. Let i(d) = -d + d**3 + 0 - 4*d**2 - 2*d + 4 - 3. What is the remainder when i(5) is divided by h(1)?
5
Let y be 1/(-4)*-4 - 1. Suppose -4*u = -y - 44. What is the remainder when u is divided by 3?
2
Suppose 4*i + 16 = 0, -6*i + 3*i + 648 = 3*a. What is the remainder when a is divided by 45?
40
Suppose 0 = -n + 4, -2*n = -3*p - 4 + 5. Let x = p + 13. What is the remainder when 43 is divided by x?
11
Let y = -16 - -10. Let d(v) be the first derivative of -3*v**2 - 14*v + 3. What is the remainder when d(y) is divided by 12?
10
Let v = 279 + 48. Suppose 269 = 4*z - v. Calculate the remainder when 6/(-9) - z/(-3) is divided by 13.
10
Suppose 28*b = -2*v + 26*b + 548, 5*v - 1397 = 4*b. What is the remainder when v is divided by 28?
25
Let v(p) = -11*p + 13. Let l be v(4). Let z = 87 + l. What is the remainder when z is divided by 19?
18
Let h(n) = n**2 + 13*n - 82. Calculate the remainder when 165 is divided by h(-20).
49
Suppose x - 5*h = -2*x + 146, -x + 4*h + 44 = 0. Let w = -120 - -147. Calculate the remainder when x is divided by w.
25
Suppose 0 = 4*t + 3*q - 76, 0 = 20*t - 25*t - 4*q + 95. What is the remainder when t is divided by 15?
4
Suppose 3320 = 18*u - 172. What is the remainder when u is divided by 62?
8
Let x be (72/14)/(2 + 25/(-14)). Suppose -6*o + x = -3*o. What is the remainder when 21 is divided by o?
5
Let i(l) = l**2 - 12*l - 30. Let s = -43 + 58. What is the remainder when 73 is divided by i(s)?
13
Suppose 0 = -7*b - 0*b + 7. Let h = 27 + -15. Suppose -x = b - h. What is the remainder when 21 is divided by x?
10
Let w = -31 - -13. Let f be (-160)/(-48)*(0 - w). Suppose -4*p - p = -f. What is the remainder when 46 is divided by p?
10
What is the remainder when (72 - 3/3) + -3 is divided by 14?
12
Suppose 5*v + 70 = 5*b, -v + 11 = b - 1. Suppose -4*m + 77 - 25 = 0. Let g = 18 - m. What is the remainder when b is divided by g?
3
Suppose 43*j - 96 = 35*j. What is the remainder when 57 - (-2 - (-2)/2) is divided by j?
10
Let h(j) = -33*j**2 + 4*j + 4. Let m be h(5). Let v(o) = 5*o - 57. Let s be v(11). What is the remainder when m/(-36) + s/8 is divided by 8?
6
Let w(h) = -4*h**3 - 3*h**2 + h - 3. Let v be w(-3). Suppose -3*p + 240 = v. Calculate the remainder when p is divided by 14.
13
Suppose -30*l + 4*l + 416 = 0. What is the remainder when 49 is divided by l?
1
Let r(s) = -s. Let f be r(-2). Suppose f*k - k = 4. Suppose -2*o = -c + 41, k*c + 70 = 2*o + 252. Calculate the remainder when c is divided by 16.
15
Suppose 3*s + 2*q - 228 = 0, 3*q - 147 = -2*s - 0*q. Calculate the remainder when s is divided by 28.
22
Suppose -5*u + 480 = 3*f - 445, 0 = 4*u + f - 747. Let c be (u/14)/((-2)/(-14)). Let h = c - -8. Calculate the remainder when h is divided by 13.
11
Suppose 31*r - 2812 = -7*r. What is the remainder when r is divided by 26?
22
Let h = 91 + -73. Let x(q) = q**3 - q**2 + 6*q - 2. What is the remainder when x(4) is divided by h?
16
Let s be (0 - -1)/((-3)/147). Let w = -30 - s. Suppose -3*n + w - 1 = 0. Calculate the remainder when 17 is divided by n.
5
Suppose -3*g = -0*g - 132. Let u = 25 - -11. Let b = -21 + u. What is the remainder when g is divided by b?
14
Suppose -412 = -4*u - 5*f, 69*u + 3*f = 68*u + 96. What is the remainder when u is divided by 11?
9
Let s be (184/(-24))/((-2)/(-30)). Let n = s - -128. Calculate the remainder when 49 is divided by n.
10
Let t = 142 + 263. Calculate the remainder when t is divided by 58.
57
What is the remainder when 329 is divided by (-7347)/(-465) + 1/(15/3)?
9
Let y = -201 + 232. Calculate the remainder when y is divided by 8.
7
Suppose -69 = -2*y + y. Let v(